*v + 4 = -2*v. Let k = o - 9. What are the prime factors of k?
5
Let z be 1/(-3) + 10/3. Suppose 21 = -z*m + 51. Suppose l = -l + m. What are the prime factors of l?
5
Suppose 5*z - 4*b - 25 = 0, z - 15 = -2*z + 3*b. Suppose -4*g + z*n - 2 = -29, 0 = 4*g + 2*n - 34. Suppose -l + g = l. List the prime factors of l.
2
Let k(w) = -w - 8. Let a be k(-8). Suppose a = -0*c - 2*c + 4. Suppose -4*f - 2*g = -7*g - 54, 0 = c*f + 2*g - 18. What are the prime factors of f?
11
Suppose -20 = t - 3. Let l = 7 + t. List the prime factors of (-4)/(-10) + (-56)/l.
2, 3
Let g(o) = 114*o - 2. What are the prime factors of g(1)?
2, 7
Suppose 0 = -5*f - 2*s + 8, 5*f - s - 9 = f. Suppose -a - f*z = 1, -3*a + 4*z + 35 = 8. What are the prime factors of a?
5
Let m be (-2)/8 - 586/(-8). Let j = -51 + m. Suppose -j - 2 = -4*u. List the prime factors of u.
2, 3
Let d = -5 + 9. Suppose -d*t + 71 = -5*s, -2*s - 40 = s - 5*t. Let x = s + 29. What are the prime factors of x?
2, 7
Let j(v) = 2*v**2 + 13*v + 57. What are the prime factors of j(-6)?
3, 17
Suppose 3*a - 43 = -2*t + 7*t, -4*a = t - 65. Let w = 5 + -2. Suppose -w*o + a = -o. What are the prime factors of o?
2
Let d be ((-21)/(-14))/(2/4). Let g = d - -8. What are the prime factors of g?
11
Suppose 3*c + 3*g = -2*c + 1187, 697 = 3*c - 2*g. List the prime factors of c.
5, 47
Let c(b) = 7*b + 55. What are the prime factors of c(13)?
2, 73
Suppose 0 = -3*a + 5*r + 21, a + 3*a = -5*r - 7. What are the prime factors of (8/12)/(a/15)?
5
Suppose -3*f + 100 = -44. What are the prime factors of f?
2, 3
Suppose -164 + 30 = -2*r. What are the prime factors of r?
67
Let j(b) = -b**2 + b + 18. Let a be j(0). Let c = -6 + a. What are the prime factors of c?
2, 3
Let n(d) = -1. Let i(f) = -f**2 - 8. Let t(l) = -i(l) - 3*n(l). Let k be 1/4 - (-3)/(-12). List the prime factors of t(k).
11
Let s(a) = a**3 + 15*a**2. Let k be s(-15). Suppose h - 4*z = 2*h - 37, k = 4*h + 4*z - 100. List the prime factors of h.
3, 7
Let c(g) = g**2 - 1. Let m be c(1). Suppose 4*l - 35 = -i + 41, 2*i = m. What are the prime factors of l?
19
Let w = 92 - -182. List the prime factors of w.
2, 137
Let d be ((-2)/6)/((-7)/147). Suppose 2*c - 52 = -n + d*c, -5*n + 2*c = -168. List the prime factors of n.
2
Let x = -252 - -451. What are the prime factors of x?
199
Let i(z) = 4*z**2 - 8*z - 16. What are the prime factors of i(-2)?
2
Suppose -v + 218 - 37 = 0. List the prime factors of v.
181
Suppose 0 = -5*f - 4*q + 60, 2*f + q - 22 = -1. Suppose -u - 3 = -f. Suppose -2*j + u = -j. What are the prime factors of j?
5
Let x be 1/4 - (-21)/12. Let u(w) = -w**2 - x + 2 - 7*w. What are the prime factors of u(-5)?
2, 5
Let b = 20 + 68. What are the prime factors of b?
2, 11
Suppose -5*h + 2*a + 53 = -59, -68 = -2*h - 5*a. List the prime factors of h.
2, 3
Suppose 0 = -b + 4*b - 21. Let z = b - 5. List the prime factors of z.
2
Suppose 0 = 2*u + 2 + 4. Let y be -6 - (4 + -4)/(-2). What are the prime factors of -2*(y/(-2))/u?
2
Suppose h = -26 + 96. List the prime factors of h.
2, 5, 7
Let t = -8 - -10. Let s = -1 + 1. Suppose s = -t*f + 7 + 3. List the prime factors of f.
5
Let g(s) = -s**3 - s + 2. Let n be g(0). Let t be ((-27)/2)/((-1)/n). Suppose -5*z + t = 3*r, -4*z = 4*r + z - 31. What are the prime factors of r?
2
Let d be -5 + 2 - (-4)/4. Let b = d + 27. List the prime factors of b.
5
Let j(k) = 4*k**2 - 3*k - 4. Let x(t) = 17*t**2 - 13*t - 17. Let c(y) = 9*j(y) - 2*x(y). List the prime factors of c(2).
2
Let a(o) = o - 3. Let y be a(5). Let u(r) = 5 - 4*r + y*r**2 - r**2 - 1 + 0. List the prime factors of u(4).
2
Suppose 4*z - 3*z - 3*h = 18, 2*z + h = 29. List the prime factors of z.
3, 5
Let h = -4 - -6. What are the prime factors of -2 - (-9 - 0/h)?
7
Suppose -3*k - 13 = 5*x - 5, 4*x + 16 = 0. Suppose -m = -3*m + k. List the prime factors of 318/27 + m/9.
2, 3
Suppose -3*r - 3*u + 15 = 0, 6*r - 2*r - 13 = 3*u. Let n = 12 - -22. Suppose 0*s = -4*y + 2*s + n, -r*y = -s - 39. What are the prime factors of y?
11
Let f(n) = 31*n**3 - n**2 + 2*n - 1. List the prime factors of f(1).
31
Let z = 2 - 3. Let t(f) = -14*f + 1. Let l be t(z). What are the prime factors of 3/l - 128/(-10)?
13
Let r(v) = -8*v - 32. What are the prime factors of r(-18)?
2, 7
Let d = 0 + 5. Suppose d*n - 38 = 4*v, 0 = n + 2*v - 8 - 8. List the prime factors of n.
2, 5
Let a(h) = -h**3 - 8*h**2 + 4*h. Let q be a(-10). Suppose q = 8*j - 4*j. List the prime factors of j.
2, 5
Suppose 66 = 5*b - c - 0, -4*b + 52 = -c. List the prime factors of b.
2, 7
Suppose 3*a + 45 = n + 10, -3*n - 4*a = -105. What are the prime factors of n?
5, 7
Let x = -46 + 71. What are the prime factors of x?
5
Let w be 5*2/(-6)*-39. What are the prime factors of (3 - w)*(-2)/4?
31
Let g = -50 - -96. What are the prime factors of g?
2, 23
Let p = 186 + -85. List the prime factors of p.
101
Let a be ((-8)/14)/((-4)/14). Suppose -4*z + a*z + 52 = 0. What are the prime factors of z?
2, 13
Let y(k) = k**3 + 7*k**2 - 6*k + 2. What are the prime factors of y(-6)?
2, 37
Let r(g) = -g + 2. Let a be r(0). Let d be a - (-4)/(-2 - -4). Let l(b) = -b**2 + 5*b + 2. What are the prime factors of l(d)?
2, 3
Suppose 4*p = -172 + 928. What are the prime factors of p?
3, 7
Let l(b) = b**3 - 25*b**2 + 29*b - 18. List the prime factors of l(24).
2, 3, 17
Suppose 2*u = u + 25. Suppose 5*o = -0*o + u. What are the prime factors of o?
5
Let m be 2/(-4)*(59 - -1). Let l = -18 - m. What are the prime factors of l?
2, 3
Let i = -6 - -6. Suppose 0*o - 2*o = 5*l - 124, i = 5*l - o - 118. List the prime factors of l.
2, 3
Let r = -38 - -18. Let n = -12 - r. What are the prime factors of n?
2
Suppose 0 = -3*u - 4*c + 8*c + 825, 5*c = 15. What are the prime factors of u?
3, 31
Suppose 4*j - 4 = -q + 17, 2*j - 6 = -2*q. Let m = j - 12. List the prime factors of ((-68)/6)/(m/9).
17
Let r = -173 - -297. List the prime factors of (-2)/6 - r/(-12).
2, 5
Let d(v) = -v**3 + 4*v**2 - 2*v. Let c be d(3). Suppose -5*q + 13 = n - 21, 2*q - c*n = 0. List the prime factors of (1 + -2 - q)/(-1).
7
Let z(d) = d**2 + 9*d - 6. List the prime factors of z(-13).
2, 23
Suppose -14 - 10 = -4*a. Suppose -2*b - a = -76. Suppose -3*x = -3*l + 27, -l + 4*l + x = b. What are the prime factors of l?
11
Let l(q) = q + 5. Let k be l(0). Suppose 0 = 2*o - 3*o + k. Suppose -o - 3 = -m. List the prime factors of m.
2
Suppose k - 4 = -k. Suppose -k*q = -4*q + 18. What are the prime factors of q?
3
Let l(q) = -2*q**3 - 5*q**2 - 5*q - 2. Let y be l(-3). Let j = -6 + y. What are the prime factors of j?
2
Let x(c) = c**2 + c - 3. What are the prime factors of x(-3)?
3
Let u(r) = -r**2 - 13*r + 3. List the prime factors of u(-9).
3, 13
Let w be 0 + 4 + (1 - 1). Suppose 0 = -5*k - n + 257, -n - 107 = -w*k + 104. List the prime factors of k.
2, 13
Suppose 0 = 2*u - 2*v - 0*v - 114, -3*u + 143 = 4*v. What are the prime factors of u?
53
List the prime factors of 0 + 149 + (4 - 4).
149
Let p = -29 + 70. What are the prime factors of p?
41
Let b(w) = 135*w**2 - 2*w + 3. List the prime factors of b(1).
2, 17
Suppose -3*y + 14 = -a, 2*y - 4*y + 10 = 0. Suppose 3*s - 3 = 5*z, 0 = -z + 2*s - a - 1. List the prime factors of (z + 1)/(1/2).
2
Let n = -13 - -22. List the prime factors of n.
3
Let m be 105/(1 + 2) - 1. Let t = m - 10. Let c = -16 + t. What are the prime factors of c?
2
Let q(w) = 7*w + 0*w - 6*w + 4. List the prime factors of q(6).
2, 5
Suppose 0 = -15*t + 18*t - 243. List the prime factors of t.
3
Let m be 9*((-24)/9)/(-2). Suppose 0*l + 4*l = m. Suppose -30 + 6 = -l*i. What are the prime factors of i?
2
Let h = 59 + 10. List the prime factors of h.
3, 23
List the prime factors of ((-24)/(-4))/2 - 0.
3
Let k(b) = b**2 - 2*b - 3. Let g be k(6). Suppose 15 = -2*v - x, -2*v = -2*x + g - 3. Let c = v - -14. What are the prime factors of c?
2, 3
Let d be 0/(0/(-1) + 2). Let v(p) = p**2 - p + 18. List the prime factors of v(d).
2, 3
Suppose 17*j + 18 = 16*j. Let i = -5 - j. What are the prime factors of i?
13
Let p = 253 - 132. List the prime factors of p.
11
Let v(o) = o**3 - 6*o**2 + 4. Let m be v(6). Suppose -m*r = -0*r - 8. List the prime factors of r.
2
Let g(l) = 14*l + 1. Let x be g(1). Let r(n) = n + 8. Let o be r(-6). Suppose -3*t - o*t + x = 0. What are the prime factors 